= 4505. Let d = a - p. Is d a composite number?
False
Suppose 253 = 3*l + 271. Let v(f) = -425*f + 9. Is v(l) a prime number?
False
Suppose 4*f = 0, -f = -3*b + 4822 + 5648. Let z = 1375 + -524. Suppose 5*h - o - b = 0, 3*h = -2*o + 1256 + z. Is h composite?
True
Let i(t) = 249*t + 12071. Is i(0) composite?
False
Let l(p) be the first derivative of 783*p**2/2 - 23*p + 63. Is l(2) prime?
True
Is ((-88)/(-60))/(-11) - (-232937)/15 a composite number?
True
Let k be (0 - 5120) + (28/(-7) - -3). Suppose -2*c - 4291 + 827 = 0. Let b = c - k. Is b prime?
True
Let d(p) = -2*p**3 - 5*p**2 - p + 2. Let m be d(-2). Suppose 5*c = -0*c, -5*o + 5*c + 5 = m. Is (-1058)/(-8) + o + (-14)/56 a prime number?
False
Is (-7500 + (-32 - -10))/((-2)/31) composite?
True
Let b(d) = 270*d**2 + 143*d - 4891. Is b(80) a composite number?
True
Suppose 25*d = 30*d - 21885. Let i = 11998 - d. Is i prime?
True
Let i = -53 - -51. Let p be ((-30)/18)/(i/(-342)). Let v = 1510 - p. Is v composite?
True
Let n(u) = 1038*u + 95. Let k(a) = -2075*a - 188. Let h(z) = -6*k(z) - 13*n(z). Is h(-21) prime?
True
Let z be (-4)/18*(6 + -15). Suppose 0 = z*u + 2*w - 12912, -4*w + 19367 = u + 2*u. Is u a prime number?
False
Let r(v) be the third derivative of v**5/60 - v**4/6 - 2*v**3 - 14*v**2. Let m be r(6). Suppose m = b, -b = -4*w + w + 1347. Is w a composite number?
False
Suppose 0 = 31*s - 29*s - 5*h - 32286, -4*h = -2*s + 32294. Is s a composite number?
True
Suppose -36*x + 9*x + 108 = 0. Suppose 12 = -3*s, -3*o + x*s = -4*o + 2442. Is o prime?
False
Suppose -2*q - 3*y + 42697 = 0, 2*q + 5*y = -23438 + 66145. Is q prime?
True
Let u(o) = 2*o - 38 + 0*o - 16 - 6*o. Let c be u(-14). Suppose 278 + 194 = r + l, 4*r + c*l = 1882. Is r composite?
True
Let h(o) = -443*o + 87. Suppose 30 = -3*d + 2*x, -4*x - 15 = d - 3*x. Is h(d) prime?
False
Let z be 8430 - (-9 + -5 + 11). Let m = z - 5226. Is m composite?
True
Let u(w) = 10989*w**3 - 17*w**2 + 60*w - 17. Is u(3) prime?
True
Suppose 4*r = -2*a - 2*a + 88656, a = -4*r + 22164. Suppose 0 = -5*n - y + 27705, 5*y = -4*n + 9*y + a. Is n composite?
True
Suppose 236110 = 29*u - 1005177. Is u composite?
True
Suppose -w + 28237 = -2*u, 2*u - 67411 = -7*w + 130328. Let m = 50476 - w. Is m a prime number?
True
Is (21 + -16 - 10) + 172728 composite?
True
Suppose -7*w + 12 = -3*w. Suppose -2*v = w*v - 5245. Is v a prime number?
True
Let p(u) = -u**3 - 19*u**2 + 43*u + 21. Let k be p(-21). Suppose 0*g - 3*w = -5*g + 1064, -5*g - w + 1072 = k. Let t = g + 1425. Is t prime?
False
Let z = -10293 - -18838. Suppose 38*n - 43*n + z = 0. Is n composite?
False
Let r(h) = -1160*h + 1. Let d = 151 - 153. Is r(d) a composite number?
True
Let q(p) = 17*p**3 - 64*p**2 + 220*p - 1346. Is q(45) composite?
False
Let b = 1551698 - 845349. Is b composite?
True
Let f(j) be the first derivative of 3*j**2 + j + 11. Let d be f(-6). Is 2 - -250*d/(-10) composite?
False
Suppose 5257902 = 5*t + 73*t. Is t composite?
False
Let k = -22943 + 16240. Let p = k + 21396. Is p a prime number?
False
Suppose 9*v = 11*v + 12. Let h(k) = -k**3 - 7*k**2 - 9*k - 12. Let p be h(v). Is (p/(-9))/(2/(-246)) prime?
False
Suppose -145*h + 140*h = -10. Suppose 4*j = -5*u + 15541, 2*j - 4626 = h*u + 3158. Is j composite?
False
Suppose -3*v + 4*b = -27219, -20*v - 9086 = -21*v - 3*b. Is v prime?
False
Suppose 2*f - 7*f + 15 = 0, 3*z - 2*f - 14628 = 0. Let a = z + -869. Is a prime?
False
Let a(c) = 10*c**2 + 17*c - 22. Let r be 4 + -4 + 3 + 24. Let i = r + -14. Is a(i) a prime number?
True
Suppose 4*x - 4*t = 8, 14*x - 5*t + 30 = 19*x. Suppose v = 2*v + 3, x*n - 4*v = 15784. Is n prime?
True
Suppose l - 14 = 4*a, 3*l + 3 = a + 2*a. Let x be (16/(-20))/(l/15) + 414. Suppose -8*n = -432 - x. Is n composite?
True
Suppose -l + 4322548 - 265680 = 5*u, -3*u - l + 2434122 = 0. Suppose -36*g - g + u = 0. Is g prime?
True
Let n be 2/12 + (-169764)/(-72). Let d = n - 956. Suppose 0 = 31*h - 33*h + d. Is h composite?
False
Let w = -55 + 55. Suppose 2*q + 381 - 921 = 2*x, 5*x - 15 = w. Is 1/(-4) + 7*q/12 prime?
False
Suppose 0 = n - 5*c - 4, 3*c - 2*c = -4*n + 16. Let q be ((-14)/n)/(-7)*(-2 - -12). Let b(z) = 242*z + 1. Is b(q) a prime number?
False
Suppose 3*f + 2*q + 1 = 6, -3*f = 3*q. Suppose 2*v - l = 797, -f*v + l = 5*l - 1986. Let o = -147 + v. Is o a composite number?
False
Is 5 + (-399)/77 - (218433/(-33) - 0) a composite number?
False
Let z = -25 + 7. Let j = -194 - -169. Let r = z - j. Is r composite?
False
Let y(s) = -332*s**2 + 14*s - 60. Let a be y(8). Let i = a - -32253. Is i a composite number?
False
Let z = -752 - -685. Is ((-210)/(-5))/7*z/(-3) a composite number?
True
Suppose -5*v - 197168 = -7*v. Suppose 5*x - 13*x = -v. Is x prime?
True
Suppose -3*i - 5 = 1. Is 3/(-4) - 12887/(-4) - i a composite number?
True
Let z(a) = 5938*a - 211. Is z(5) composite?
True
Let x = -32314 + 49769. Is x prime?
False
Suppose -9*q - 10 + 109 = 0. Suppose 3376 = 27*o - q*o. Is o a prime number?
True
Let k(d) = -4531*d**2 + 15*d - 3. Let n(g) = g**2 - 2*g. Let a(b) = -k(b) - 2*n(b). Is a(-2) prime?
False
Let u(k) = -k**2 + 7*k + 22. Let f be u(10). Let x(h) = -h + 16. Let z be x(f). Suppose -5*s = -509 + z. Is s composite?
False
Let x(n) = -n**3 + 44*n**2 + 21*n + 27. Suppose -29*y = -28*y + 4*z - 35, z = y - 30. Is x(y) prime?
True
Let z be ((-9)/18)/((-2)/64). Is (-2696)/z*((0 - 0) + -2) composite?
False
Suppose 6*m - 2*m = -7884. Let w = m - -225. Let d = 2527 + w. Is d prime?
False
Let m(d) = 11*d**2 - d. Let c be m(-1). Suppose 2*r + t = 9, -3*r + c = -0*t + 2*t. Let y(a) = a**3 - 2*a**2 + 6*a - 3. Is y(r) composite?
True
Suppose 97*p + 7824772 = -176*p + 44310949. Is p a composite number?
False
Let l(z) = 27*z**3 - z**2 + z - 7. Let y be l(-4). Let a be y - (-10)/(20/(-4)). Is (a/(-6))/7*6 prime?
True
Suppose 5*d - 626753 = -4*l, 0 = 4*l - 7*d + 9*d - 626738. Is l composite?
True
Let q be 6/26 + (-320)/260 + 5. Let j(r) = 9*r**2 + 1 - 4*r**2 + r + 13*r**2. Is j(q) a composite number?
False
Suppose -4*k = -5*r - 1533701, 1533666 = 4*k + 1251*r - 1249*r. Is k a prime number?
True
Let v be 5/(-2)*(-464)/(-2). Suppose 3*u = -12, -4*d - u - 144 = d. Is v/d - (-4)/14 a prime number?
False
Let z = -73 - -116. Suppose 48*p = z*p + 19730. Is p composite?
True
Let d(c) = 118*c**2 - 2*c - 17. Suppose -4*v - k + 29 = 0, -2*k + 0*k + 10 = 0. Is d(v) a prime number?
True
Let j(g) = -47*g**3 + g**2 - 3*g + 3. Let o be j(3). Suppose 4*m - r = 2*m - 3951, 5*r = 5. Let k = o - m. Is k prime?
True
Let r = 727 + 527. Suppose 3*y - 4*i - 1931 = 0, 2*y + 2*i = r + 52. Suppose v - y = -50. Is v a prime number?
True
Let h(q) = -2993*q**3 - 8*q**2 - 12*q - 13. Is h(-2) a composite number?
True
Is 72861 - (-7 + 8)*(0 + 2) a composite number?
False
Let k(m) be the first derivative of -443*m**2/2 + 3*m - 1. Suppose 544 = -7*i + 537. Is k(i) composite?
True
Let g(m) = 12 - 441*m + 2717*m - 13. Let w be g(5). Suppose 7*q - w = 4*q. Is q a composite number?
False
Suppose -180*y + 131*y + 434189 = 0. Is y composite?
False
Suppose -5*p + 1460 = -985. Let k = p - -628. Is k prime?
True
Let s = 5648 + 303. Is s prime?
False
Let x(f) = f - 12. Let r be x(8). Let d be ((-8)/6)/(6/91881). Is r/(-10) + d/(-30) a composite number?
True
Let y(t) = 297*t**3 - 2*t**2 + t. Let m be y(1). Let u = -1002 + m. Is (-2)/2*(u + (-2)/2) a composite number?
True
Let h = 27986 - -17529. Is h a prime number?
False
Suppose 1 = 5*f - 9. Let q(u) = 5*u + u**f + 3 + 25*u**2 - u**3 - 10*u**2. Is q(7) a prime number?
True
Let k(c) = -61*c - 34. Let f(a) = -63*a - 33. Let z(n) = 3*f(n) - 4*k(n). Is z(10) a composite number?
False
Suppose -21 = -3*b + 5*d, -8*d + 39 = 4*b - 11*d. Is (-3 + 42/b)*(2 - -1416) a composite number?
False
Suppose b - 4*b + 129871 = 4*b. Is b prime?
True
Let r(p) = -3*p**3 - 22*p**2 + 16*p + 19. Let c(y) = -6*y**3 - 43*y**2 + 33*y + 39. Let f(d) = 3*c(d) - 5*r(d). Is f(-9) a prime number?
True
Suppose -5*t = 38*t - 418240 - 1140553. Is t prime?
True
Let c(m) be the third derivative of -1/60*m**5 + 1/12*m**4 + 499/3*m**3 + 0 + 11*m**2 + 0*m. Is c(0) a prime number?
False
Let u(v) = 1792*v - 233. Is u(22) composite?
False
Let a(l) = 46*l**2 - 17*l + 10. Let z(g) = 137*g**2 - 51*g + 29. Let o(y) = -8*a(y) + 3*z(y). Is o(-9) a prime number?
True
Su